{"id":343,"date":"2025-10-16T11:12:06","date_gmt":"2025-10-16T11:12:06","guid":{"rendered":"https:\/\/www.nonkonform.nu\/?page_id=343"},"modified":"2026-03-31T17:13:33","modified_gmt":"2026-03-31T17:13:33","slug":"343-2","status":"publish","type":"page","link":"https:\/\/www.nonkonform.nu\/?page_id=343","title":{"rendered":"kulturberikning p\u00e5 riktigt"},"content":{"rendered":"\n<div class=\"wp-block-group alignfull has-global-padding is-content-justification-center is-layout-constrained wp-container-core-group-is-layout-9f9d62a4 wp-block-group-is-layout-constrained\" style=\"padding-top:var(--wp--preset--spacing--50);padding-right:var(--wp--preset--spacing--50);padding-bottom:var(--wp--preset--spacing--50);padding-left:var(--wp--preset--spacing--50)\">\n<div class=\"wp-block-cover wp-duotone-duotone-1\" style=\"min-height:370px;aspect-ratio:unset;\"><img loading=\"lazy\" decoding=\"async\" width=\"670\" height=\"402\" class=\"wp-block-cover__image-background wp-image-283\" alt=\"\" src=\"https:\/\/www.nonkonform.nu\/wp-content\/uploads\/2025\/10\/NKFVINYL.jpg\" data-object-fit=\"cover\" srcset=\"https:\/\/www.nonkonform.nu\/wp-content\/uploads\/2025\/10\/NKFVINYL.jpg 670w, https:\/\/www.nonkonform.nu\/wp-content\/uploads\/2025\/10\/NKFVINYL-300x180.jpg 300w\" sizes=\"auto, (max-width: 670px) 100vw, 670px\" \/><span aria-hidden=\"true\" class=\"wp-block-cover__background has-background-dim\"><\/span><div class=\"wp-block-cover__inner-container is-layout-flow wp-block-cover-is-layout-flow\">\n<p class=\"has-text-align-left has-base-color has-text-color has-link-color wp-elements-038ff07754dba3e17c0059bbe00c7bb2\" style=\"font-size:clamp(1.403rem, 1.403rem + ((1vw - 0.2rem) * 1.495), 2.3rem);\">&#8221;Vi tror fortfarande att <mark style=\"background-color:rgba(0, 0, 0, 0)\" class=\"has-inline-color has-base-color\"><strong>uppk\u00e4ftig<\/strong> <strong>punkmusik<\/strong><\/mark> kan fylla en funktion f\u00f6r arg ungdom&#8230;&#8221;<\/p>\n<\/div><\/div>\n\n\n\n<div style=\"height:var(--wp--preset--spacing--30)\" aria-hidden=\"true\" class=\"wp-block-spacer\"><\/div>\n<\/div>\n\n\n\n<div class=\"wp-block-group alignfull has-base-2-background-color has-background has-global-padding is-content-justification-center is-layout-constrained wp-container-core-group-is-layout-07713731 wp-block-group-is-layout-constrained\" style=\"margin-top:0;margin-bottom:0;padding-top:var(--wp--preset--spacing--50);padding-right:var(--wp--preset--spacing--50);padding-bottom:var(--wp--preset--spacing--50);padding-left:var(--wp--preset--spacing--50)\">\n<div class=\"wp-block-group is-vertical is-content-justification-center is-layout-flex wp-container-core-group-is-layout-52b864f0 wp-block-group-is-layout-flex\">\n<h2 class=\"wp-block-heading has-text-align-center is-style-default has-contrast-color has-text-color has-link-color wp-elements-d0ef0f053d42ba3598b682e6acd8e4b1\">subkultur p\u00e5 <strong>riktigt<\/strong><\/h2>\n\n\n\n<div style=\"height:0px\" aria-hidden=\"true\" class=\"wp-block-spacer wp-container-content-4f2ccadb\"><\/div>\n\n\n\n<p class=\"has-text-align-center has-contrast-color has-text-color has-link-color wp-elements-4170c4230692457757288c57c79e2179\">Etablerat band eller replokalsprojekt? Smakar det lite punk kan vi vara intresserade!<\/p>\n<\/div>\n\n\n\n<div style=\"margin-top:0;margin-bottom:0;height:17px\" aria-hidden=\"true\" class=\"wp-block-spacer\"><\/div>\n\n\n\n<div class=\"wp-block-buttons is-content-justification-center is-layout-flex wp-container-core-buttons-is-layout-a89b3969 wp-block-buttons-is-layout-flex\">\n<div class=\"wp-block-button\"><a class=\"wp-block-button__link has-background wp-element-button\" href=\"mailto:nonkonform.media@gmail.com\" style=\"background-color:#782d14\">Kontakta oss!<\/a><\/div>\n<\/div>\n\n\n\n<div style=\"margin-top:0;margin-bottom:0;height:59px\" aria-hidden=\"true\" class=\"wp-block-spacer\"><\/div>\n\n\n\n<div class=\"wp-block-columns alignwide is-layout-flex wp-container-core-columns-is-layout-d0bbbce0 wp-block-columns-is-layout-flex\">\n<div class=\"wp-block-column is-layout-flow wp-container-core-column-is-layout-e3d1c41b wp-block-column-is-layout-flow\">\n<p class=\"has-text-align-left has-contrast-3-color has-text-color has-link-color wp-elements-14ef364b798eff8c84595e4583c33ddd\" style=\"font-size:clamp(1.092rem, 1.092rem + ((1vw - 0.2rem) * 1.013), 1.7rem);\"><strong>Ljudmastring<\/strong><\/p>\n\n\n\n<div class=\"wp-block-group has-global-padding is-layout-constrained wp-block-group-is-layout-constrained\">\n<p class=\"has-text-align-left has-medium-font-size\">Har ni f\u00e4rdigt material? Tror ni att ni h\u00e5ller m\u00e5ttet f\u00f6r en platta? Skicka en demo till oss, digitalt eller fysiskt, s\u00e5 f\u00e5r vi lyssna!<\/p>\n\n\n\n<p class=\"has-text-align-left has-medium-font-size\">Gillar vi vad vi h\u00f6r kan ni luta er tillbaka s\u00e5 fixar vi resten. Nonkonform Medias skickliga ljudtekniker mastrar f\u00f6r s\u00e5v\u00e4l vinyl som CD&#8230;<\/p>\n\n\n\n<p><\/p>\n<\/div>\n<\/div>\n\n\n\n<div class=\"wp-block-column is-layout-flow wp-container-core-column-is-layout-e3d1c41b wp-block-column-is-layout-flow\">\n<p class=\"has-text-align-left has-contrast-3-color has-text-color has-link-color wp-elements-4852ee03f127d556e7c2838c85bb0b5a\" style=\"font-size:clamp(1.092rem, 1.092rem + ((1vw - 0.2rem) * 1.013), 1.7rem);\"><strong>Grafisk formgivning<\/strong><\/p>\n\n\n\n<div class=\"wp-block-group has-global-padding is-layout-constrained wp-block-group-is-layout-constrained\">\n<p class=\"has-medium-font-size\">Nonkonform Media bist\u00e5r med grafisk formgivning f\u00f6r artwork f\u00f6r s\u00e5v\u00e4l omslag som inserts p\u00e5 v\u00e5ra sl\u00e4pp.<\/p>\n\n\n\n<p class=\"has-medium-font-size\">Med skickliga fotografer, tecknare och bildredigerare i f\u00f6retaget kan vi hj\u00e4lpa till med det mesta fr\u00e5n ax till limpa&#8230;<\/p>\n\n\n\n<p class=\"has-text-align-left\"><\/p>\n\n\n\n<div style=\"height:28px\" aria-hidden=\"true\" class=\"wp-block-spacer\"><\/div>\n<\/div>\n<\/div>\n\n\n\n<div class=\"wp-block-column is-layout-flow wp-container-core-column-is-layout-e3d1c41b wp-block-column-is-layout-flow\">\n<p class=\"has-text-align-left has-contrast-3-color has-text-color has-link-color wp-elements-d6053e79b7bfa278862fa7de61ec053a\" style=\"font-size:clamp(1.092rem, 1.092rem + ((1vw - 0.2rem) * 1.013), 1.7rem);\"><strong>Produktion &amp; distribution<\/strong><\/p>\n\n\n\n<div class=\"wp-block-group has-global-padding is-layout-constrained wp-block-group-is-layout-constrained\">\n<p class=\"has-text-align-left has-medium-font-size\">Har vi allt f\u00f6r en f\u00e4rdig platta s\u00e5 \u00e4r det dags f\u00f6r produktion &#8211; vi ordnar release f\u00f6r b\u00e5de CD och vinyl med en f\u00f6rm\u00e5nlig deal f\u00f6r banden. <\/p>\n\n\n\n<p class=\"has-medium-font-size\">Vi har ett brett kontaktn\u00e4t f\u00f6r distribution och f\u00f6rs\u00e4ljning och ser till att din musik hamnar p\u00e5 skivtallrikar \u00f6ver hela Europa&#8230;<\/p>\n\n\n\n<p class=\"has-text-align-left\"><\/p>\n<\/div>\n<\/div>\n<\/div>\n\n\n\n<figure class=\"wp-block-image size-full has-custom-border is-style-rounded wp-duotone-unset-2 is-style-rounded--1\" style=\"margin-top:0;margin-right:0;margin-bottom:0;margin-left:0\"><img loading=\"lazy\" decoding=\"async\" width=\"1890\" height=\"1417\" src=\"https:\/\/www.nonkonform.nu\/wp-content\/uploads\/2026\/03\/subkultur-jpeg.jpg\" alt=\"\" class=\"wp-image-367\" style=\"border-style:none;border-width:0px;border-radius:0px\" srcset=\"https:\/\/www.nonkonform.nu\/wp-content\/uploads\/2026\/03\/subkultur-jpeg.jpg 1890w, https:\/\/www.nonkonform.nu\/wp-content\/uploads\/2026\/03\/subkultur-jpeg-300x225.jpg 300w, https:\/\/www.nonkonform.nu\/wp-content\/uploads\/2026\/03\/subkultur-jpeg-1024x768.jpg 1024w, https:\/\/www.nonkonform.nu\/wp-content\/uploads\/2026\/03\/subkultur-jpeg-768x576.jpg 768w, https:\/\/www.nonkonform.nu\/wp-content\/uploads\/2026\/03\/subkultur-jpeg-1536x1152.jpg 1536w\" sizes=\"auto, (max-width: 1890px) 100vw, 1890px\" \/><\/figure>\n\n\n\n<div style=\"height:var(--wp--preset--spacing--20)\" aria-hidden=\"true\" class=\"wp-block-spacer\"><\/div>\n\n\n\n<div class=\"wp-block-group has-global-padding is-layout-constrained wp-block-group-is-layout-constrained\">\n<div class=\"wp-block-columns are-vertically-aligned-center is-layout-flex wp-container-core-columns-is-layout-28f84493 wp-block-columns-is-layout-flex\">\n<div class=\"wp-block-column is-vertically-aligned-center is-layout-flow wp-block-column-is-layout-flow\"><\/div>\n<\/div>\n<\/div>\n\n\n\n<h2 class=\"wp-block-heading has-text-align-center has-x-large-font-size\"><strong>Vill du hj\u00e4lpa till?<\/strong><\/h2>\n\n\n\n<p class=\"has-text-align-center has-medium-font-size\">Du kanske \u00e4r fullst\u00e4ndigt musikaliskt handikappad men \u00e4nd\u00e5 k\u00e4nner att det finns en po\u00e4ng med en levande och motstr\u00e4vig punkscen? Vi s\u00f6ker alltid efter kompetenser att bredda verksamheten med!<\/p>\n\n\n\n<p class=\"has-text-align-center has-link-color has-medium-font-size wp-elements-f974f76eb5b92c4c4790235df38d3ef9\"><em>Vi s\u00f6ker alltifr\u00e5n kodknackare och grafiker till yrkesm\u00f6rdare!<\/em><\/p>\n\n\n\n<p class=\"has-text-align-center has-link-color has-medium-font-size wp-elements-f62b1f03bc2e5bc8752b7a78c9261a5e\"><a href=\"mailto:nonkonform.media@gmail.com\"><strong>Vill du veta mer? Kontakta oss<\/strong><\/a><\/p>\n<\/div>\n\n\n\n<div class=\"wp-block-group alignwide has-base-color has-contrast-background-color has-text-color has-background is-layout-grid wp-container-core-group-is-layout-d6fa4c63 wp-block-group-is-layout-grid\" style=\"margin-top:0;margin-bottom:0;padding-top:var(--wp--preset--spacing--60);padding-right:var(--wp--preset--spacing--60);padding-bottom:var(--wp--preset--spacing--60);padding-left:var(--wp--preset--spacing--60)\">\n<div class=\"wp-block-group wp-container-content-725258bd is-layout-grid wp-container-core-group-is-layout-478b6e6b wp-block-group-is-layout-grid\">\n<p class=\"has-text-align-center has-base-color has-text-color has-heading-font-family has-large-font-size\" style=\"line-height:1.2\"><em>\u201dF\u00e5 bolag vi har jobbat med har varit s\u00e5 professionella som Nonkonform Media.\u201d<\/em><\/p>\n\n\n\n<div style=\"height:var(--wp--preset--spacing--10)\" aria-hidden=\"true\" class=\"wp-block-spacer\"><\/div>\n\n\n\n<div class=\"wp-block-group is-vertical is-content-justification-center is-nowrap is-layout-flex wp-container-core-group-is-layout-2dc08cea wp-block-group-is-layout-flex\">\n<figure class=\"wp-block-image aligncenter size-thumbnail is-resized has-custom-border\"><img loading=\"lazy\" decoding=\"async\" width=\"150\" height=\"150\" src=\"https:\/\/www.nonkonform.nu\/wp-content\/uploads\/2025\/10\/968full-janne-carlsson-150x150.jpg\" alt=\"\" class=\"wp-image-284\" style=\"border-radius:100px;object-fit:cover;width:240px;height:auto\"\/><\/figure>\n\n\n\n<p class=\"has-text-align-center has-medium-font-size\" style=\"margin-top:var(--wp--preset--spacing--10);margin-bottom:0\">Roddy Moreno<\/p>\n\n\n\n<p class=\"has-text-align-center has-contrast-3-color has-text-color has-small-font-size\" style=\"font-style:normal;font-weight:300\">The Oppressed<\/p>\n<\/div>\n<\/div>\n\n\n\n<div class=\"wp-block-group wp-container-content-725258bd is-layout-grid wp-container-core-group-is-layout-478b6e6b wp-block-group-is-layout-grid\">\n<p class=\"has-text-align-center has-base-color has-text-color has-heading-font-family has-large-font-size wp-container-content-69bc4bdf\" style=\"line-height:1.2\"><em>\u201dYou f*cking cunts, take my photo off your damn site!!\u201d<\/em><\/p>\n\n\n\n<div style=\"height:var(--wp--preset--spacing--40)\" aria-hidden=\"true\" class=\"wp-block-spacer wp-container-content-69bc4bdf\"><\/div>\n\n\n\n<div class=\"wp-block-group is-vertical is-content-justification-center is-nowrap is-layout-flex wp-container-core-group-is-layout-2dc08cea wp-block-group-is-layout-flex\">\n<figure class=\"wp-block-image aligncenter size-thumbnail is-resized has-custom-border wp-duotone-duotone-1\"><img loading=\"lazy\" decoding=\"async\" width=\"150\" height=\"150\" src=\"https:\/\/www.nonkonform.nu\/wp-content\/uploads\/2025\/10\/30501005_122376361112-150x150.jpg\" alt=\"\" class=\"wp-image-307\" style=\"border-radius:100px;object-fit:cover;width:244px;height:auto\"\/><\/figure>\n\n\n\n<p class=\"has-text-align-center has-medium-font-size\" style=\"margin-top:var(--wp--preset--spacing--10);margin-bottom:0\">Sir Elton John<\/p>\n\n\n\n<p class=\"has-text-align-center has-contrast-3-color has-text-color has-small-font-size\" style=\"font-style:normal;font-weight:300\">Skrewdriver<\/p>\n<\/div>\n<\/div>\n\n\n\n<div class=\"wp-block-group wp-container-content-725258bd is-layout-grid wp-container-core-group-is-layout-478b6e6b wp-block-group-is-layout-grid\">\n<p class=\"has-text-align-center has-base-color has-text-color has-heading-font-family has-large-font-size wp-container-content-70fa0643\" style=\"line-height:1.2\"><em>\u201dOi! B\u00e4ttre \u00e4n s\u00e5 h\u00e4r blir det inte!\u201d<\/em><\/p>\n\n\n\n<div style=\"height:0px\" aria-hidden=\"true\" class=\"wp-block-spacer wp-container-content-69bc4bdf\"><\/div>\n\n\n\n<div style=\"height:90px;width:0px\" aria-hidden=\"true\" class=\"wp-block-spacer wp-container-content-69bc4bdf\"><\/div>\n\n\n\n<div class=\"wp-block-group is-vertical is-content-justification-center is-nowrap is-layout-flex wp-container-core-group-is-layout-2dc08cea wp-block-group-is-layout-flex\">\n<figure class=\"wp-block-image aligncenter size-thumbnail is-resized has-custom-border wp-duotone-duotone-1\"><img loading=\"lazy\" decoding=\"async\" width=\"150\" height=\"150\" src=\"https:\/\/www.nonkonform.nu\/wp-content\/uploads\/2025\/10\/Bob-Marley-1-150x150.jpg\" alt=\"\" class=\"wp-image-337\" style=\"border-radius:100px;object-fit:cover;width:236px;height:auto\" srcset=\"https:\/\/www.nonkonform.nu\/wp-content\/uploads\/2025\/10\/Bob-Marley-1-150x150.jpg 150w, https:\/\/www.nonkonform.nu\/wp-content\/uploads\/2025\/10\/Bob-Marley-1.jpg 225w\" sizes=\"auto, (max-width: 150px) 100vw, 150px\" \/><\/figure>\n\n\n\n<div style=\"height:12px\" aria-hidden=\"true\" class=\"wp-block-spacer wp-container-content-cc4259ba\"><\/div>\n\n\n\n<p class=\"has-text-align-center has-medium-font-size\" style=\"margin-top:var(--wp--preset--spacing--10);margin-bottom:0\">Mikael Alonzo<\/p>\n\n\n\n<p class=\"has-text-align-center has-contrast-3-color has-text-color has-small-font-size\" style=\"font-style:normal;font-weight:300\">STHLM NGR<\/p>\n<\/div>\n<\/div>\n<\/div>\n","protected":false},"excerpt":{"rendered":"<p>subkultur p\u00e5 riktigt Etablerat band eller replokalsprojekt? Smakar det lite punk kan vi vara intresserade! Ljudmastring Har ni f\u00e4rdigt material? Tror ni att ni h\u00e5ller m\u00e5ttet f\u00f6r en platta? Skicka en demo till oss, digitalt eller fysiskt, s\u00e5 f\u00e5r vi lyssna! Gillar vi vad vi h\u00f6r kan ni luta er tillbaka s\u00e5 fixar vi resten. [&hellip;]<\/p>\n","protected":false},"author":1,"featured_media":0,"parent":0,"menu_order":0,"comment_status":"closed","ping_status":"closed","template":"","meta":{"footnotes":""},"class_list":["post-343","page","type-page","status-publish","hentry"],"jetpack_sharing_enabled":true,"_links":{"self":[{"href":"https:\/\/www.nonkonform.nu\/index.php?rest_route=\/wp\/v2\/pages\/343","targetHints":{"allow":["GET"]}}],"collection":[{"href":"https:\/\/www.nonkonform.nu\/index.php?rest_route=\/wp\/v2\/pages"}],"about":[{"href":"https:\/\/www.nonkonform.nu\/index.php?rest_route=\/wp\/v2\/types\/page"}],"author":[{"embeddable":true,"href":"https:\/\/www.nonkonform.nu\/index.php?rest_route=\/wp\/v2\/users\/1"}],"replies":[{"embeddable":true,"href":"https:\/\/www.nonkonform.nu\/index.php?rest_route=%2Fwp%2Fv2%2Fcomments&post=343"}],"version-history":[{"count":16,"href":"https:\/\/www.nonkonform.nu\/index.php?rest_route=\/wp\/v2\/pages\/343\/revisions"}],"predecessor-version":[{"id":368,"href":"https:\/\/www.nonkonform.nu\/index.php?rest_route=\/wp\/v2\/pages\/343\/revisions\/368"}],"wp:attachment":[{"href":"https:\/\/www.nonkonform.nu\/index.php?rest_route=%2Fwp%2Fv2%2Fmedia&parent=343"}],"curies":[{"name":"wp","href":"https:\/\/api.w.org\/{rel}","templated":true}]}}